{"id":130,"date":"2017-03-27T07:40:03","date_gmt":"2017-03-27T07:40:03","guid":{"rendered":"https:\/\/rv-laatzen.de\/?page_id=130"},"modified":"2026-01-08T14:54:00","modified_gmt":"2026-01-08T13:54:00","slug":"pensionsboxen","status":"publish","type":"page","link":"https:\/\/rv-laatzen.de\/?page_id=130","title":{"rendered":"Pensionsboxen"},"content":{"rendered":"<div class=\"section section-info\">Der Pensionsbetrieb des Vereins besteht aus <strong>14 Pferdeboxen <\/strong>(davon 2 Ponyboxen) \u2013 gr\u00f6\u00dftenteils (11) mit Fenster. In den Boxmieten enthalten ist 2x Futter t\u00e4glich (2x Kraftfutter (Hafer oder eigen vorbereitetes Futter), 2x Heu trocken oder nass), Einstreu (Stroh oder Leinstroh), Anlagennutzung und Nutzung der Paddocks.<br \/>\nUnsere Boxmieten belaufen sich auf derzeit <strong>330,00 &#8211; 370,00 \u20ac<\/strong> inkl. MwSt. pro Monat (je nach Art der Box).<\/div>\n<div>Optionale, zubuchbare Leistungen sind:<\/div>\n<ul>\n<li>Rausbringservice (Mo &#8211; Fr)<\/li>\n<li>Rausbring- und Reinholservice (Mo &#8211; Fr)<\/li>\n<li>Misten (Mo &#8211; Fr)<\/li>\n<\/ul>\n<p><img loading=\"lazy\" decoding=\"async\" class=\"alignnone size-full wp-image-296\" src=\"https:\/\/rv-laatzen.de\/wp-content\/uploads\/2017\/03\/Fensterbox.jpg\" alt=\"\" width=\"3072\" height=\"2048\" srcset=\"https:\/\/rv-laatzen.de\/wp-content\/uploads\/2017\/03\/Fensterbox.jpg 3072w, https:\/\/rv-laatzen.de\/wp-content\/uploads\/2017\/03\/Fensterbox-300x200.jpg 300w, https:\/\/rv-laatzen.de\/wp-content\/uploads\/2017\/03\/Fensterbox-768x512.jpg 768w, https:\/\/rv-laatzen.de\/wp-content\/uploads\/2017\/03\/Fensterbox-1024x683.jpg 1024w\" sizes=\"auto, (max-width: 3072px) 100vw, 3072px\" \/><\/p>\n","protected":false},"excerpt":{"rendered":"<p>Der Pensionsbetrieb des Vereins besteht aus 14 Pferdeboxen (davon 2 Ponyboxen) \u2013 gr\u00f6\u00dftenteils (11) mit Fenster. In den Boxmieten enthalten ist 2x Futter t\u00e4glich (2x Kraftfutter (Hafer oder eigen vorbereitetes Futter), 2x Heu trocken oder nass), Einstreu (Stroh oder Leinstroh), Anlagennutzung und Nutzung der Paddocks. Unsere Boxmieten belaufen sich auf derzeit 330,00 &#8211; 370,00 \u20ac&#8230; <\/p>\n","protected":false},"author":1,"featured_media":0,"parent":0,"menu_order":0,"comment_status":"closed","ping_status":"closed","template":"no-sidebar.php","meta":{"footnotes":""},"class_list":["post-130","page","type-page","status-publish","hentry"],"_links":{"self":[{"href":"https:\/\/rv-laatzen.de\/index.php?rest_route=\/wp\/v2\/pages\/130","targetHints":{"allow":["GET"]}}],"collection":[{"href":"https:\/\/rv-laatzen.de\/index.php?rest_route=\/wp\/v2\/pages"}],"about":[{"href":"https:\/\/rv-laatzen.de\/index.php?rest_route=\/wp\/v2\/types\/page"}],"author":[{"embeddable":true,"href":"https:\/\/rv-laatzen.de\/index.php?rest_route=\/wp\/v2\/users\/1"}],"replies":[{"embeddable":true,"href":"https:\/\/rv-laatzen.de\/index.php?rest_route=%2Fwp%2Fv2%2Fcomments&post=130"}],"version-history":[{"count":6,"href":"https:\/\/rv-laatzen.de\/index.php?rest_route=\/wp\/v2\/pages\/130\/revisions"}],"predecessor-version":[{"id":344,"href":"https:\/\/rv-laatzen.de\/index.php?rest_route=\/wp\/v2\/pages\/130\/revisions\/344"}],"wp:attachment":[{"href":"https:\/\/rv-laatzen.de\/index.php?rest_route=%2Fwp%2Fv2%2Fmedia&parent=130"}],"curies":[{"name":"wp","href":"https:\/\/api.w.org\/{rel}","templated":true}]}}